{"id":223,"date":"2016-03-16T14:37:16","date_gmt":"2016-03-16T12:37:16","guid":{"rendered":"http:\/\/www.osmoscosmos.com\/ocband\/?page_id=223"},"modified":"2021-07-19T11:56:31","modified_gmt":"2021-07-19T08:56:31","slug":"historiaa","status":"publish","type":"page","link":"https:\/\/www.osmoscosmos.com\/ocband\/historiaa\/","title":{"rendered":"HISTORIAA"},"content":{"rendered":"<div id=\"pl-223\"  class=\"panel-layout\" ><div id=\"pg-223-0\"  class=\"panel-grid panel-has-style\" ><div class=\"wide-grey siteorigin-panels-stretch panel-row-style-full-width panel-row-style panel-row-style-for-223-0\" style=\"\n\n\tmargin-top: -20px;\n\" data-stretch-type=\"full\" ><div id=\"pgc-223-0-0\"  class=\"panel-grid-cell\" ><div id=\"panel-223-0-0-0\" class=\"so-panel widget widget_headline-widget panel-first-child panel-last-child\" data-index=\"0\" >\t\t<h1>HISTORIAA<\/h1>\n\t\t<div class=\"decoration\"><div class=\"decoration-inside\"><\/div><\/div>\n\t\t<h3><\/h3>\n\t\t<\/div><\/div><\/div><\/div><div id=\"pg-223-1\"  class=\"panel-grid panel-has-style\" ><div class=\"siteorigin-panels-stretch panel-row-style-full-width panel-row-style panel-row-style-for-223-1\" style=\"\n\n\" data-stretch-type=\"full\" ><div id=\"pgc-223-1-0\"  class=\"panel-grid-cell panel-grid-cell-mobile-last\" ><div id=\"panel-223-1-0-0\" class=\"so-panel widget widget_sow-editor panel-first-child panel-last-child\" data-index=\"1\" ><div class=\"panel-widget-style panel-widget-style-for-223-1-0-0\" ><div\n\t\t\t\n\t\t\tclass=\"so-widget-sow-editor so-widget-sow-editor-base\"\n\t\t\t\n\t\t>\n<div class=\"siteorigin-widget-tinymce textwidget\">\n\t<p><strong>2021 Half 'N' Half -tupla-albumi<\/strong><br \/>\n- 20 biisin tupla-albumi, jossa puolet omia ja puolet cover-biisej\u00e4. Albumi ilmestyi vinyylin\u00e4, CD:n\u00e4 ja suoratoistopalveluissa<\/p>\n<p><strong>2017 Tipe, Ile ja Aleksi kehiin<\/strong><br \/>\n- b\u00e4ndin laulajaksi amerikan-suomalainen Richard \u201dTipe\u201d Johnson ja kitaristiksi Aleksi Koukonen. Tipe on toiminut solistina mm. yhtyeiss\u00e4 Gringos Locos, Leningrad Cowboys sek\u00e4 Apocalyptican kiertuesolistina. - - toiseksi solistiksi Ile Koukonen ja kitaristiksi h\u00e4nen poikansa Aleksi Koukonen, pieks\u00e4m\u00e4en hurjat<br \/>\n- ensimm\u00e4inen single ja video uudella kokoonpanolla \"Runnin' Down a Dream\"<\/p>\n<p><strong>2016 Henkat kehiin<\/strong><br \/>\n- Loppuvuodesta 2016 b\u00e4ndin uudeksi rytmiryhm\u00e4ksi tulivat imatralaiset basisti Henri \"Henkka\" Putto sek\u00e4 rumpali Henry \"Henkka\" Siira, joista j\u00e4lkimm\u00e4inen on osmojen alkuper\u00e4isen rumpali Marko Siiran poika.<\/p>\n<p><strong>2016,Twenty Years On The Road<\/strong><br \/>\n- Kev\u00e4ttalvella 2016 yhtyeelt\u00e4 ilmestyi 20-vuotisjuhlavuotensa kunniaksi albumi Osmo's Cosmos: Twenty Years On The Road<br \/>\n- Yhtye teki samana vuonna albumin nimell\u00e4 juhlakiertueen halki Suomen ja esiintyi mm. Helsingin Savoy-teatterissa ensimm\u00e4ist\u00e4 kertaa vuoden 1997 j\u00e4lkeen.<\/p>\n<p><strong>2015,Karjalaisten laulu<\/strong><br \/>\n- Vuonna 2015 Etel\u00e4-Karjalan liitto ja Pohjois-Karjalan maakuntaliitto j\u00e4rjesti kilpailun Karjalaisten Laulu kappaleen uudelleen sovittamisesta. Osmo's Cosmos voitti kilpailun ja kappaleesta julkaistiin alkuvuodesta 2016 video, jonka toteutti joensuulainen yhteisty\u00f6ss\u00e4 Music-Brosin kanssa.<\/p>\n<p><strong>2013, Hei Maailma<\/strong><br \/>\n- Marraskuussa 2013 Ylen suorassa Nen\u00e4p\u00e4iv\u00e4-show -hyv\u00e4ntekev\u00e4isyysl\u00e4hetyksess\u00e4 sai ensi-iltansa Osmo's Cosmos &amp; Friends musiikkivideo Hei maailma, jolla esiintyi lukuisia vierailevia artisteja: Laura Voutilainen, Pave Maijanen, Remu Aaltonen, Jarkko Ahola, Mato Valtonen, Ismo Leikola, Saska Helmikallio, Aarne Tenkanen, Konsta Hietanen, Ari Koivunen, Miitri Aaltonen, Heikki P\u00f6yhi\u00e4 sek\u00e4 Imatran Linnalan koulun musiikkiluokkien kuoro.<\/p>\n<p><strong>2012, SHOW-albumi ja kirja ilmestyy<\/strong><br \/>\n- Osmo's Cosmos nimell\u00e4 ensimm\u00e4inen pelk\u00e4st\u00e4\u00e4n omaa musiikkia sis\u00e4lt\u00e4v\u00e4 albumi<br \/>\n- levyll\u00e4 vierailijana legendaarinen Rainbow -solisti Graham Bonnet<br \/>\n- levyn kanssa samaan aikaan ilmestyi Nestori L\u00f6ngrenin kuvakirja OC:sta<br \/>\n- SHOW -biisi mukaan Kaikkien Aikojen L\u00e4tk\u00e4hitit -kokoelmalle ainoana uutena biisin\u00e4<\/p>\n<p><strong>2011, Keikkoja, keikkoja ja itse tehty\u00e4 makkaraa...<\/strong><br \/>\n- b\u00e4ndi mukana j\u00e4rjest\u00e4m\u00e4ss\u00e4 historian ensimm\u00e4ist\u00e4 Karjalan Makkarafesti\u00e4, mukana mm. Sakari Kuosmanen ja Mato Valtonen<br \/>\n- \"Osmon Seiv\u00e4smatkat Imatralle\" vireille<\/p>\n<p><strong>2010, Keikkoja ja Jussi Honka sings Irwin -projekti<\/strong><br \/>\n- tanakkaa keikkailua mm. Kone Oyj:n 100-vuotisjulassa<br \/>\n- b\u00e4ndin spesiaali projekti Jussi Honka sings Irwin<br \/>\n- Osmon Pallon ensimm\u00e4inen kiekkomatsi<\/p>\n<p><strong>2009, Osmo's Cosmos Bar<\/strong><br \/>\n- 250-paikkainen b\u00e4ndin oloinen Osmo's Cosmos Bar perustetaan Imatran keskustaan<br \/>\n- baarin \u201dOsmo-osakkeen\u201d omistajina\u00a0mm. Juha Kankkunen ja Jussi Markkanen<\/p>\n<p><strong>2008, kokoelma-CD\/DVD Toisten Parhaat<\/strong><br \/>\n- keikka mm. Dallasissa. Ja Kouvolassa...<br \/>\n- joillain keikoilla vierailijana Petra (Tik Tak), Ari Koivunen, Saska Helmikallio<\/p>\n<p><strong>2007, Hulluna Huomiseen CD<\/strong><br \/>\n- Marko Siira lopettaa, uudeksi rumpaliksi Mikko Kupiainen<br \/>\n- Music-Bros 25 v. juhlakonsertti, vierailijoina mm. Laura Voutilainen, Mato Valtonen ja Jam Rock Band<\/p>\n<p><strong>2006, keikkoja ja keikkoja<\/strong><br \/>\n- keikkoja, keikkoja ja keikkoja<\/p>\n<p><strong>2005, 70's Rock'n'Roll Show -DVD<\/strong><br \/>\n- Matti K\u00e4hk\u00f6nen kitaristiksi, Ville ja Pete \u201dosa-aikakitaristeiksi\u201d<\/p>\n<p><strong>2004, keikkoja ja vierailijoita<\/strong><br \/>\n- joillain keikoilla vierailijana Mato Valtonen, Aarne Tenkanen<br \/>\n- keikkamyynti pelk\u00e4st\u00e4\u00e4n Music-Brosille<\/p>\n<p><strong>2003, levy-yhti\u00f6ksi Edel<\/strong><br \/>\n- Ile Vainio vei keikalta mukanaan talliinsa<br \/>\n- Just For You -CD<br \/>\n- Suomen kattava Lideo Tour 2003 -kiertue, Lideo-vieraana mm. Jukka Puotila<\/p>\n<p><strong>2002, taidetta ja pikkujouluja<\/strong><br \/>\n- taidepalkinto Imatran kaupungilta<br \/>\n- suuret Lideo-yrityspikkujoulut Hartwall Areenalle yhteisty\u00f6ss\u00e4 Hjallis Harkimon kanssa<\/p>\n<p><strong>2001, Lideo Show<\/strong><br \/>\n- ensimm\u00e4isen Lideo Show'n videovieraina mm. Kirka, Laura Voutilainen, Marjorie -\u00a0Music-Bros laajentaa videotuotannon puolelle<br \/>\n- keikkamyynti Dex Viihde \/ Seppo Kahilaiselle (paitsi fimakeikat)<\/p>\n<p><strong>2000, keikkoja ja vierailijoita<\/strong><br \/>\n- keikoilla vierailijoina mm. Danny, Pave Maijanen, Linda Lampenius<br \/>\n- Millenium Hartwall Areenalla Mestareiden kanssa<br \/>\n- Remun kanssa tehty biisi \"Bad Boys Boogie\" julkaistaan sinkkuna<\/p>\n<p><strong>1999, Coveria Ei J\u00e4tet\u00e4 -tupla-CD<\/strong><br \/>\n- mm. Nokian suuri kes\u00e4kiertue, jossa vierailijoina Kirka, Laura, Tino Sign<br \/>\n- Music-Bros saa Vuoden Yritt\u00e4j\u00e4 -palkinnon Imatralla<br \/>\n- keikkamyynti Rocktops \/ Rami R\u00e4s\u00e4selle, paitsi firmakeikat<\/p>\n<p><strong>1998, keikkoja ja vierailijoita<\/strong><br \/>\n- keikoilla vierailijoina mm. Remu, Aaltonen, Kirka, Muska<br \/>\n- Music-Bros ostaa Imatralta vanhan makkaratehtaan kiinteist\u00f6n ja siirt\u00e4\u00e4 studion sinne<\/p>\n<p><strong>1997, teatterikiertue<\/strong><br \/>\n- suurella musikaaliryhmall\u00e4 keikkoja Suomen teattereissa, mm. loppuunmyyty<br \/>\nSavoy-teatteri<br \/>\n- Screamer plays 70's b\u00e4ndin nimeksi Osmo's Cosmos Band, joka alkaa tehd\u00e4 keikkoja p\u00e4\u00e4toimisesti<br \/>\n- merkitt\u00e4v\u00e4 TV-esiintyminen Hyv\u00e4t, Pahat ja Rumat -ohjelmassa<br \/>\n- ensimm\u00e4iset yritystilaisuudet<br \/>\n- keikkamyynti Welldone \/ Tiina Vuoriselle, paitsi firmakeikat<\/p>\n<p><strong>1996, Osmo's Cosmos Rock'n'Roll Show<\/strong><br \/>\n- rock-musikaalin ensi-ilta Imatran teatterissa omalla riskill\u00e4, kaikki esitykset loppuunmyytyj\u00e4, mukana mm. n\u00e4yttelij\u00e4t, tanssijat ja torvisektio<br \/>\n- saman niminen soundtrack-CD ilmestyy<\/p>\n<p><strong>1995, levytyssopimus Megamanian kanssa<\/strong><br \/>\n- Atte Blom ottaa b\u00e4ndin talliinsa<br \/>\n- Screamer Liskojen Y\u00f6 -albumi ilmestyy, p\u00e4\u00e4osin omia biisej\u00e4<\/p>\n<p><strong>1994, Jussi Honka basistiksi<\/strong><br \/>\n- Jaska luopuu bassosta ja ryhtyy pelk\u00e4st\u00e4\u00e4n solistiksi<br \/>\n- ensimm\u00e4inen Screamer plays 70's keikka Ina Heinon toiveesta<\/p>\n<p><strong>1993, promo-CD Mister X -nimell\u00e4<\/strong><br \/>\n- Music-Bros laajentaa ja perustaa \u00e4\u00e4nitysstudion<\/p>\n<p><strong>1992, omakustanne-CD Why Don't You<\/strong><br \/>\n- levy \u00e4\u00e4nitet\u00e4\u00e4n Peer G\u00fcnt studiolla, T.T. Oksala miksaa levyn<\/p>\n<p><strong>1990, omakustanne-EP Foolproof Game<\/strong><br \/>\n- levy \u00e4\u00e4nitet\u00e4\u00e4n Peer G\u00fcnt studiolla, T.T. Oksala miksaa levyn<\/p>\n<p><strong>1988, Screamer perustetaan<\/strong><br \/>\n- Jaska Miikki basisti-laulajaksi ja Marko Siira rumpaliksi<br \/>\n- omakustannesingle Dance In The Shadow \/ Without You<br \/>\n- Music-Bros hoitaa Screamerin keikkamyynnin<br \/>\n- Jaska, Ville ja Pete perustavat akustisen trion BEER III<br \/>\n- ensimm\u00e4inen keikkabussi hankitaan<\/p>\n<p><strong>1987, Music-Bros Ay perustetaan<\/strong><br \/>\n- Pete Kiisselin ja Ville Soinisen puoliksi omistama avoin yhti\u00f6<br \/>\n- \u00e4\u00e4nentoisto- ja valolaitepalveluja tarjoava yritys<\/p>\n<p><strong>1982 - 1986, hulluna treenausta<\/strong><br \/>\n- vuosia l\u00e4hes pelkk\u00e4\u00e4 treenik\u00e4mp\u00e4ll\u00e4 soittoa, 7 kertaa viikossa!<br \/>\n- joitain keikkoja mm. Y\u00f6n, Peer G\u00fcntin ja Zero Ninen l\u00e4mpp\u00e4rin\u00e4<\/p>\n<p><strong>1981, The Sliders<\/strong><br \/>\n- Ville Soininen pyydet\u00e4\u00e4n Pete Kiisselin autotallib\u00e4ndiin<\/p>\n<\/div>\n<\/div><\/div><\/div><\/div><div id=\"pgc-223-1-1\"  class=\"panel-grid-cell panel-grid-cell-empty\" ><\/div><\/div><\/div><\/div>","protected":false},"excerpt":{"rendered":"<p>2021 Half &#8216;N&#8217; Half -tupla-albumi &#8211; 20 biisin tupla-albumi, jossa puolet omia ja puolet cover-biisej\u00e4. Albumi ilmestyi vinyylin\u00e4, CD:n\u00e4 ja suoratoistopalveluissa 2017 Tipe, Ile ja Aleksi kehiin &#8211; b\u00e4ndin laulajaksi amerikan-suomalainen Richard \u201dTipe\u201d Johnson ja kitaristiksi Aleksi Koukonen. Tipe on toiminut solistina mm. yhtyeiss\u00e4 Gringos Locos, Leningrad Cowboys sek\u00e4 Apocalyptican kiertuesolistina. &#8211; &#8211; toiseksi solistiksi [&hellip;]<\/p>\n","protected":false},"author":1,"featured_media":0,"parent":0,"menu_order":0,"comment_status":"closed","ping_status":"closed","template":"templates\/template-full-notitle.php","meta":{"footnotes":""},"yoast_head":"<!-- This site is optimized with the Yoast SEO plugin v22.6 - https:\/\/yoast.com\/wordpress\/plugins\/seo\/ -->\n<title>HISTORIAA - OSMO&#039;S COSMOS BAND<\/title>\n<meta name=\"robots\" content=\"index, follow, max-snippet:-1, max-image-preview:large, max-video-preview:-1\" \/>\n<link rel=\"canonical\" href=\"https:\/\/www.osmoscosmos.com\/ocband\/historiaa\/\" \/>\n<meta property=\"og:locale\" content=\"fi_FI\" \/>\n<meta property=\"og:type\" content=\"article\" \/>\n<meta property=\"og:title\" content=\"HISTORIAA - OSMO&#039;S COSMOS BAND\" \/>\n<meta property=\"og:description\" content=\"2021 Half &#039;N&#039; Half -tupla-albumi - 20 biisin tupla-albumi, jossa puolet omia ja puolet cover-biisej\u00e4. Albumi ilmestyi vinyylin\u00e4, CD:n\u00e4 ja suoratoistopalveluissa 2017 Tipe, Ile ja Aleksi kehiin - b\u00e4ndin laulajaksi amerikan-suomalainen Richard \u201dTipe\u201d Johnson ja kitaristiksi Aleksi Koukonen. Tipe on toiminut solistina mm. yhtyeiss\u00e4 Gringos Locos, Leningrad Cowboys sek\u00e4 Apocalyptican kiertuesolistina. - - toiseksi solistiksi [&hellip;]\" \/>\n<meta property=\"og:url\" content=\"https:\/\/www.osmoscosmos.com\/ocband\/historiaa\/\" \/>\n<meta property=\"og:site_name\" content=\"OSMO&#039;S COSMOS BAND\" \/>\n<meta property=\"article:modified_time\" content=\"2021-07-19T08:56:31+00:00\" \/>\n<meta name=\"twitter:card\" content=\"summary_large_image\" \/>\n<meta name=\"twitter:label1\" content=\"Arvioitu lukuaika\" \/>\n\t<meta name=\"twitter:data1\" content=\"4 minuuttia\" \/>\n<script type=\"application\/ld+json\" class=\"yoast-schema-graph\">{\"@context\":\"https:\/\/schema.org\",\"@graph\":[{\"@type\":\"WebPage\",\"@id\":\"https:\/\/www.osmoscosmos.com\/ocband\/historiaa\/\",\"url\":\"https:\/\/www.osmoscosmos.com\/ocband\/historiaa\/\",\"name\":\"HISTORIAA - OSMO&#039;S COSMOS BAND\",\"isPartOf\":{\"@id\":\"https:\/\/www.osmoscosmos.com\/ocband\/#website\"},\"datePublished\":\"2016-03-16T12:37:16+00:00\",\"dateModified\":\"2021-07-19T08:56:31+00:00\",\"breadcrumb\":{\"@id\":\"https:\/\/www.osmoscosmos.com\/ocband\/historiaa\/#breadcrumb\"},\"inLanguage\":\"fi\",\"potentialAction\":[{\"@type\":\"ReadAction\",\"target\":[\"https:\/\/www.osmoscosmos.com\/ocband\/historiaa\/\"]}]},{\"@type\":\"BreadcrumbList\",\"@id\":\"https:\/\/www.osmoscosmos.com\/ocband\/historiaa\/#breadcrumb\",\"itemListElement\":[{\"@type\":\"ListItem\",\"position\":1,\"name\":\"Etusivu\",\"item\":\"https:\/\/www.osmoscosmos.com\/ocband\/\"},{\"@type\":\"ListItem\",\"position\":2,\"name\":\"HISTORIAA\"}]},{\"@type\":\"WebSite\",\"@id\":\"https:\/\/www.osmoscosmos.com\/ocband\/#website\",\"url\":\"https:\/\/www.osmoscosmos.com\/ocband\/\",\"name\":\"OSMO&#039;S COSMOS BAND\",\"description\":\"\",\"potentialAction\":[{\"@type\":\"SearchAction\",\"target\":{\"@type\":\"EntryPoint\",\"urlTemplate\":\"https:\/\/www.osmoscosmos.com\/ocband\/?s={search_term_string}\"},\"query-input\":\"required name=search_term_string\"}],\"inLanguage\":\"fi\"}]}<\/script>\n<!-- \/ Yoast SEO plugin. -->","yoast_head_json":{"title":"HISTORIAA - OSMO&#039;S COSMOS BAND","robots":{"index":"index","follow":"follow","max-snippet":"max-snippet:-1","max-image-preview":"max-image-preview:large","max-video-preview":"max-video-preview:-1"},"canonical":"https:\/\/www.osmoscosmos.com\/ocband\/historiaa\/","og_locale":"fi_FI","og_type":"article","og_title":"HISTORIAA - OSMO&#039;S COSMOS BAND","og_description":"2021 Half 'N' Half -tupla-albumi - 20 biisin tupla-albumi, jossa puolet omia ja puolet cover-biisej\u00e4. Albumi ilmestyi vinyylin\u00e4, CD:n\u00e4 ja suoratoistopalveluissa 2017 Tipe, Ile ja Aleksi kehiin - b\u00e4ndin laulajaksi amerikan-suomalainen Richard \u201dTipe\u201d Johnson ja kitaristiksi Aleksi Koukonen. Tipe on toiminut solistina mm. yhtyeiss\u00e4 Gringos Locos, Leningrad Cowboys sek\u00e4 Apocalyptican kiertuesolistina. - - toiseksi solistiksi [&hellip;]","og_url":"https:\/\/www.osmoscosmos.com\/ocband\/historiaa\/","og_site_name":"OSMO&#039;S COSMOS BAND","article_modified_time":"2021-07-19T08:56:31+00:00","twitter_card":"summary_large_image","twitter_misc":{"Arvioitu lukuaika":"4 minuuttia"},"schema":{"@context":"https:\/\/schema.org","@graph":[{"@type":"WebPage","@id":"https:\/\/www.osmoscosmos.com\/ocband\/historiaa\/","url":"https:\/\/www.osmoscosmos.com\/ocband\/historiaa\/","name":"HISTORIAA - OSMO&#039;S COSMOS BAND","isPartOf":{"@id":"https:\/\/www.osmoscosmos.com\/ocband\/#website"},"datePublished":"2016-03-16T12:37:16+00:00","dateModified":"2021-07-19T08:56:31+00:00","breadcrumb":{"@id":"https:\/\/www.osmoscosmos.com\/ocband\/historiaa\/#breadcrumb"},"inLanguage":"fi","potentialAction":[{"@type":"ReadAction","target":["https:\/\/www.osmoscosmos.com\/ocband\/historiaa\/"]}]},{"@type":"BreadcrumbList","@id":"https:\/\/www.osmoscosmos.com\/ocband\/historiaa\/#breadcrumb","itemListElement":[{"@type":"ListItem","position":1,"name":"Etusivu","item":"https:\/\/www.osmoscosmos.com\/ocband\/"},{"@type":"ListItem","position":2,"name":"HISTORIAA"}]},{"@type":"WebSite","@id":"https:\/\/www.osmoscosmos.com\/ocband\/#website","url":"https:\/\/www.osmoscosmos.com\/ocband\/","name":"OSMO&#039;S COSMOS BAND","description":"","potentialAction":[{"@type":"SearchAction","target":{"@type":"EntryPoint","urlTemplate":"https:\/\/www.osmoscosmos.com\/ocband\/?s={search_term_string}"},"query-input":"required name=search_term_string"}],"inLanguage":"fi"}]}},"_links":{"self":[{"href":"https:\/\/www.osmoscosmos.com\/ocband\/wp-json\/wp\/v2\/pages\/223"}],"collection":[{"href":"https:\/\/www.osmoscosmos.com\/ocband\/wp-json\/wp\/v2\/pages"}],"about":[{"href":"https:\/\/www.osmoscosmos.com\/ocband\/wp-json\/wp\/v2\/types\/page"}],"author":[{"embeddable":true,"href":"https:\/\/www.osmoscosmos.com\/ocband\/wp-json\/wp\/v2\/users\/1"}],"replies":[{"embeddable":true,"href":"https:\/\/www.osmoscosmos.com\/ocband\/wp-json\/wp\/v2\/comments?post=223"}],"version-history":[{"count":0,"href":"https:\/\/www.osmoscosmos.com\/ocband\/wp-json\/wp\/v2\/pages\/223\/revisions"}],"wp:attachment":[{"href":"https:\/\/www.osmoscosmos.com\/ocband\/wp-json\/wp\/v2\/media?parent=223"}],"curies":[{"name":"wp","href":"https:\/\/api.w.org\/{rel}","templated":true}]}}